ghest common factor of v and m?
7
Suppose -3*s = -4*s + 172. Let h(l) = l**3 - 40*l**2 - 11*l + 698. Let g be h(40). Calculate the highest common factor of s and g.
86
Suppose -9*a - 992 = -14*a - 26*a. What is the highest common divisor of a and 4992?
32
Let u = -57482 - -57498. Let y be 2 + -2 - -1*1. Calculate the greatest common factor of u and y.
1
Let k(d) = d**2 - 108*d + 2625. Let u be k(72). What is the greatest common divisor of 8283 and u?
33
Let d be -11*1 - 2420/(-44). Calculate the highest common factor of d and 1958.
22
Let y be 444/18 + (-10)/(-15)*-1. Let o be (441/42)/((-1)/y*-4). Calculate the highest common factor of 45 and o.
9
Let s = -3998 + 4306. What is the greatest common divisor of 34 and s?
2
Suppose 1 = -3*r + 10. Let m(b) = -b - 25 + 46 + r*b. Let q be m(-7). Calculate the greatest common divisor of 28 and q.
7
Let t = 457 - 453. Suppose 0 = -4*z + 7*s - 4*s + 5808, -5808 = -t*z - 5*s. Calculate the highest common factor of 12 and z.
12
Suppose -s - 167 = -292. Let b(t) = -t**2 - t + 25. Let x(d) = -d**2 + 12*d - 27. Let u be x(9). Let z be b(u). What is the greatest common divisor of s and z?
25
Suppose 563 = 2*w - c, 422 = -4*w - c + 1533. Let u be (3 + (3 - -100))*(-7)/(-2). Let k = -340 + u. Calculate the greatest common factor of w and k.
31
Suppose 3*r - 32 = -17, 3*r = 3*l - 108. Calculate the highest common factor of 2 and l.
1
Suppose -6*v + 829 = -2069. What is the highest common divisor of 552 and v?
69
Let g(q) = -3 + 13*q**2 - 46*q**2 - 53*q + 18*q**2 + q**3. Let l be g(18). What is the greatest common divisor of l and 10?
5
Let c be (-1)/(-7) - (-26125)/385. What is the greatest common factor of 1156 and c?
68
Let w be (-12 + 7 - -3) + 25/1. What is the greatest common factor of w and 575?
23
Suppose -2*u - 2*u = -1500. Suppose -f - 4*r = -7*r - u, -3*f + 1138 = 4*r. What is the greatest common divisor of 54 and f?
54
Let i be 1 + (-8 - -4) + 84 - -4. Suppose -3*a - i = 14*a. Let v be (-4)/a - 14778/(-90). Calculate the highest common divisor of 33 and v.
33
Let b = -8725 - -10088. What is the greatest common divisor of b and 1?
1
Let k be ((-4)/(-20) - (-3)/(-15)) + 3. Suppose 0 = -t + 3*w + 119, 4*t + 8*w = k*w + 408. Let s = 159 - t. What is the highest common divisor of s and 39?
13
Let b = -414 - -411. Let k be (-18 + 23)/((b/42)/(-1)). What is the greatest common factor of k and 385?
35
Let f(g) = 74*g**2 - 332*g + 2689. Let k be f(8). What is the highest common divisor of 285 and k?
19
Let z = 5363 + -5321. What is the greatest common factor of 8022 and z?
42
Let s be 75/375 - (-128)/10. Let t be (-4)/26 + (-8283)/(-13). Calculate the highest common factor of t and s.
13
Let p(o) = -13*o**2 + 7*o. Let t be p(3). Suppose -5*n + 110 = z, 2*z + 3*n = n + 236. Let c = z + t. Calculate the greatest common factor of c and 6.
6
Let d be (-1)/(-1 + 0 - 7/(-8)). Let n = 24 - d. Let c(q) = -q**2 + 8*q + 1. Let w be c(7). What is the greatest common divisor of n and w?
8
Let h = 105 + -41. What is the highest common divisor of 1024 and h?
64
Let m be (9 + -8)/(4/228). Suppose 2*a - 6*a + 304 = 0. Suppose -t - t = -a. What is the highest common factor of t and m?
19
Suppose -3*n = -2*z - 287, -4*n = 4*z - 2*z - 406. Let u be (4/(-10))/(86/(-2365)). What is the highest common factor of u and n?
11
Let a(w) = -124*w - 1839. Let f be a(-30). What is the highest common factor of f and 18?
9
Suppose -4*a - n + 257 = 0, -161*n = -a - 163*n + 52. Calculate the highest common factor of 2475 and a.
33
Let i be 12 - (-19272)/32 - (-21)/12. What is the highest common divisor of i and 9702?
154
Let y = -16483 + 16581. Let g be (14/2)/(2/4). What is the highest common factor of g and y?
14
Let w be (19332/(-270))/(3/(-450)) + (-1 - -1). What is the greatest common factor of 30 and w?
30
Let o = 41 - 31. Suppose -5 = -16*k + 11*k. Let y = o + k. What is the highest common factor of y and 22?
11
Let q = -49 + 51. Suppose -3*n - 3 = 0, -q*n + 4*n = 2*s + 114. Let m = s - -102. What is the greatest common divisor of 4 and m?
4
Suppose 5*z + 99 = -2*f - 2*f, 4*f + 93 = -3*z. Let s = 1444 - 1455. Let j = s - f. What is the highest common factor of j and 2?
2
Let b(y) = 4*y**2 - 4*y + 9. Let n be b(3). Calculate the highest common factor of n and 539.
11
Let v(t) = 2*t**2 - 34*t - 61. Let n be v(-2). Suppose -7*b - 802 = -2*l - 3*b, l + 5*b = 415. What is the highest common factor of l and n?
15
Let i(n) = -16*n**3 + 7*n**2 - 55*n - 76. Let x be i(-9). Calculate the highest common factor of x and 92.
46
Let v = -27735 - -27739. Let g(w) = w**2 + 4*w - 3. Let r be g(3). Calculate the highest common divisor of v and r.
2
Let x = -10962 - -11332. Calculate the greatest common factor of 640 and x.
10
Let u = 137 + -135. Suppose 10 = u*j - 14. Suppose 4*z - 6*p = -2*p + 28, 4*p + 20 = 2*z. What is the highest common factor of j and z?
4
Let m(g) = -12*g - 22. Let i be m(0). Let o(l) = 3*l**2 + 51*l + 47. Let c be o(i). Calculate the greatest common factor of c and 26.
13
Suppose 5*m = 61 - 31. Let t(s) = 7*s - m*s**2 - 14 + 12*s - 2*s + 5*s**2. Let j be t(14). What is the highest common divisor of 84 and j?
28
Let a be -143 + 132 + 62 + -1. Calculate the greatest common factor of 20450 and a.
50
Let d(f) = f**3 - 5*f**2 + f - 37. Let j be d(6). What is the greatest common divisor of j and 205?
5
Suppose -4*n - 893 = -7*h, -10*h + 14*h + 2*n - 476 = 0. Let q(d) = 28*d + 2. Let l be q(-5). Let b = -97 - l. What is the highest common factor of b and h?
41
Let f(l) = 1795*l**2 + 316*l - 642. Let n be f(2). What is the greatest common divisor of n and 15?
15
Suppose 20*o = -5*o + 69500 - 11275. Calculate the greatest common divisor of o and 34.
17
Suppose -38*v + 41*v - 384 = 0. Suppose 3*d - 77 = -2*u - 5, -2*d + v = 4*u. Calculate the greatest common factor of u and 12.
6
Suppose 0 = x, -z - 277 = -4*x - 1785. Calculate the highest common divisor of z and 667.
29
Let f(m) = m**2 - 10*m + 19. Let s be f(2). Suppose -3*h - s = -2*h + w, 4*h + 2 = -2*w. Calculate the highest common factor of 56 and h.
2
Let i(x) be the first derivative of -28 + 72*x + 3/2*x**2. Let w be i(0). What is the highest common factor of 6 and w?
6
Suppose 4*r = 6*r - 2. Let t be 0 - -1 - (-127 - r). Let w = 184 - t. Calculate the highest common divisor of w and 5.
5
Let k = 13673 + -13671. Calculate the greatest common divisor of k and 3482.
2
Let k(s) = 113*s - 469. Let q be k(5). What is the highest common divisor of q and 12?
12
Let l = 17 - 12. Suppose -m - 16 + 63 = 4*s, s = -l*m - 12. Suppose 211 = c + 68. What is the highest common factor of c and s?
13
Suppose 4*f + 4*a = 751 - 163, -5*f = a - 747. Let s = f - 110. Calculate the greatest common divisor of s and 100.
20
Let p(d) = -2*d**2 - 928*d + 12521. Let y be p(13). Suppose -153 = -2*g - g. Calculate the greatest common factor of g and y.
17
Let h be (-108)/(42/(-56)*1). Calculate the highest common divisor of h and 16.
16
Suppose -3*g = -2*j + 86, -3*g + 114 = 3*j - 45. Calculate the highest common factor of 147 and j.
49
Suppose -4*p = -20*p + 304. Let y = 36 + p. Suppose y = -8*x + 135. What is the highest common factor of x and 190?
10
Suppose -2*m + 4*w - 52 = 0, 3*m - 5*w + 12 = -68. Let k be (-6)/10 + 63/m*-6. Let p be 0/(-2) - (-1 - k). What is the greatest common factor of 13 and p?
13
Suppose r + 4 = 18. Suppose 67 = r*i - 241. What is the greatest common factor of i and 121?
11
Let k be 2/16 + 103/8. Suppose -4*g + 4*h = k - 5, 4*g + 14 = -2*h. Let p be 9/g + 5 + 1. What is the greatest common divisor of 9 and p?
3
Let r be 18/(-153) + (-1222)/17. Let t = -139 - r. Let c = -49 - t. Calculate the greatest common factor of 12 and c.
6
Let b = 150 - 144. Let r be (2 - b/5)*(-165)/(-22). What is the highest common factor of 8 and r?
2
Suppose -43 = l - 61. Let t(q) = q - 4. Let y be t(l). Let u(p) = -p + 3. Let i be u(-11). What is the greatest common factor of i and y?
14
Let u = -99 - -103. Suppose u*w + 8 = 76. Let y = 26 - w. What is the greatest common factor of 6 and y?
3
Let l be 0/(1 - 1/(-1)). Suppose 3*g - 188 - 100 = l. Suppose -5*c + 132 - 60 = -4*r, 3*c - 33 = -r. What is the highest common factor of g and c?
12
Let x(u) = -u**3 - 4*u**2 + 5*u + 5. Let z be x(-5). Suppose -